{"id":6601,"date":"2023-08-25T22:52:11","date_gmt":"2023-08-25T22:52:11","guid":{"rendered":"https:\/\/naylawp.pethemes.com\/?page_id=6601"},"modified":"2024-05-31T14:12:26","modified_gmt":"2024-05-31T14:12:26","slug":"our-valued-customers","status":"publish","type":"page","link":"https:\/\/www.boldtex.com\/?page_id=6601","title":{"rendered":"Our Valued Customers"},"content":{"rendered":"\t\t<div data-elementor-type=\"wp-page\" data-elementor-id=\"6601\" class=\"elementor elementor-6601\">\n\t\t\t\t\t\t<section class=\"elementor-section elementor-top-section elementor-element elementor-element-2297162 elementor-section-height-min-height elementor-section-items-stretch elementor-section-content-space-between wrapper-fuller elementor-section-full_width section-normal elementor-section-height-default default\" data-id=\"2297162\" data-element_type=\"section\" data-e-type=\"section\" id=\"pinTarget\">\n\t\t\t\t\t\t<div class=\"elementor-container elementor-column-gap-default\">\n\t\t\t\t\t<div class=\"elementor-column elementor-col-100 elementor-top-column elementor-element elementor-element-d81ca30\" data-id=\"d81ca30\" data-element_type=\"column\" data-e-type=\"column\">\n\t\t\t<div class=\"elementor-widget-wrap elementor-element-populated\">\n\t\t\t\t\t\t<section class=\"elementor-section elementor-inner-section elementor-element elementor-element-884f8ef wrapper-wide section-normal elementor-section-boxed elementor-section-height-default elementor-section-height-default default\" data-id=\"884f8ef\" data-element_type=\"section\" data-e-type=\"section\">\n\t\t\t\t\t\t<div class=\"elementor-container elementor-column-gap-default\">\n\t\t\t\t\t<div class=\"elementor-column elementor-col-50 elementor-inner-column elementor-element elementor-element-03e0315\" data-id=\"03e0315\" data-element_type=\"column\" data-e-type=\"column\">\n\t\t\t<div class=\"elementor-widget-wrap\">\n\t\t\t\t\t\t\t<\/div>\n\t\t<\/div>\n\t\t\t\t<div class=\"elementor-column elementor-col-50 elementor-inner-column elementor-element elementor-element-04dff03\" data-id=\"04dff03\" data-element_type=\"column\" data-e-type=\"column\">\n\t\t\t<div class=\"elementor-widget-wrap\">\n\t\t\t\t\t\t\t<\/div>\n\t\t<\/div>\n\t\t\t\t\t<\/div>\n\t\t<\/section>\n\t\t\t\t<section class=\"elementor-section elementor-inner-section elementor-element elementor-element-5b9b446 wrapper-fuller elementor-section-full_width section-normal elementor-section-height-default elementor-section-height-default default\" data-id=\"5b9b446\" data-element_type=\"section\" data-e-type=\"section\">\n\t\t\t\t\t\t<div class=\"elementor-container elementor-column-gap-default\">\n\t\t\t\t\t<div class=\"elementor-column elementor-col-100 elementor-inner-column elementor-element elementor-element-2a87e86\" data-id=\"2a87e86\" data-element_type=\"column\" data-e-type=\"column\">\n\t\t\t<div class=\"elementor-widget-wrap elementor-element-populated\">\n\t\t\t\t\t\t<div class=\"elementor-element elementor-element-8181d0b elementor-widget elementor-widget-naylateamcarousel\" data-id=\"8181d0b\" data-element_type=\"widget\" data-e-type=\"widget\" data-widget_type=\"naylateamcarousel.default\">\n\t\t\t\t<div class=\"elementor-widget-container\">\n\t\t\t\t\t\n<!-- Dynamic Carousel -->\n<div class=\"nayla-dynamic-carousel navScroll items-center \" data-scroll-speed=\"3000\" style=\"--gap: 35px\" data-pin=\"#pinTarget\">\n    \n    \n     <!-- Carousel Control -->\n    <div class=\"carousel-controls\">\n\n        \n        \n        \n    <\/div>\n    <!--\/Carousel Control -->\n\n        \n\n    \n    <div class=\"carousel--wrapper \">\n        \n                \n\n        <!-- Carusel Item -->\n        <div class=\"carousel--item \"  data-duration=1 data-scrub=\"false\" data-pin=\"false\" data-anim-out=\"false\"  data-delay=0>\n            \n            \n<div class=\"nayla-team-member overlay\" >\n    \n    <div class=\"team-member-image\">\n    \n        \n        <img style='height: auto' alt='team-member-image' src='http:\/\/www.boldtex.com\/wp-content\/uploads\/2024\/02\/markalar-09.png'>        \n    <\/div>\n    \n    <div class=\"team-member-card\">\n    \n        \n        <div class=\"team-member-name\">  <\/div>\n        \n        <div class=\"team-member-title\">  <\/div>\n        \n        <div class=\"team-member-cv\">  <\/div>\n    \n        \n    <\/div>\n\n    \n<\/div>\n\n        \n       \n        <\/div>\n        <!--\/ Carusel Item -->\n        \n          \n\n        <!-- Carusel Item -->\n        <div class=\"carousel--item \"  data-duration=1 data-scrub=\"false\" data-pin=\"false\" data-anim-out=\"false\"  data-delay=1>\n            \n            \n<div class=\"nayla-team-member overlay\" >\n    \n    <div class=\"team-member-image\">\n    \n        \n        <img style='height: auto' alt='team-member-image' src='http:\/\/www.boldtex.com\/wp-content\/uploads\/2024\/02\/markalar-08.png'>        \n    <\/div>\n    \n    <div class=\"team-member-card\">\n    \n        \n        <div class=\"team-member-name\">  <\/div>\n        \n        <div class=\"team-member-title\">  <\/div>\n        \n        <div class=\"team-member-cv\">  <\/div>\n    \n        \n    <\/div>\n\n    \n<\/div>\n\n        \n       \n        <\/div>\n        <!--\/ Carusel Item -->\n        \n          \n\n        <!-- Carusel Item -->\n        <div class=\"carousel--item \"  data-duration=1 data-scrub=\"false\" data-pin=\"false\" data-anim-out=\"false\"  data-delay=2>\n            \n            \n<div class=\"nayla-team-member overlay\" >\n    \n    <div class=\"team-member-image\">\n    \n        \n        <img style='height: auto' alt='team-member-image' src='http:\/\/www.boldtex.com\/wp-content\/uploads\/2024\/02\/markalar-07.png'>        \n    <\/div>\n    \n    <div class=\"team-member-card\">\n    \n        \n        <div class=\"team-member-name\">  <\/div>\n        \n        <div class=\"team-member-title\"> \n <\/div>\n        \n        <div class=\"team-member-cv\">  <\/div>\n    \n        \n    <\/div>\n\n    \n<\/div>\n\n        \n       \n        <\/div>\n        <!--\/ Carusel Item -->\n        \n          \n\n        <!-- Carusel Item -->\n        <div class=\"carousel--item \"  data-duration=1 data-scrub=\"false\" data-pin=\"false\" data-anim-out=\"false\"  data-delay=3>\n            \n            \n<div class=\"nayla-team-member overlay\" >\n    \n    <div class=\"team-member-image\">\n    \n        \n        <img style='height: auto' alt='team-member-image' src='http:\/\/www.boldtex.com\/wp-content\/uploads\/2024\/02\/markalar-06.png'>        \n    <\/div>\n    \n    <div class=\"team-member-card\">\n    \n        \n        <div class=\"team-member-name\">  <\/div>\n        \n        <div class=\"team-member-title\">  <\/div>\n        \n        <div class=\"team-member-cv\">  <\/div>\n    \n        \n    <\/div>\n\n    \n<\/div>\n\n        \n       \n        <\/div>\n        <!--\/ Carusel Item -->\n        \n          \n\n        <!-- Carusel Item -->\n        <div class=\"carousel--item \"  data-duration=1 data-scrub=\"false\" data-pin=\"false\" data-anim-out=\"false\"  data-delay=4>\n            \n            \n<div class=\"nayla-team-member overlay\" >\n    \n    <div class=\"team-member-image\">\n    \n        \n        <img style='height: auto' alt='team-member-image' src='http:\/\/www.boldtex.com\/wp-content\/uploads\/2024\/02\/markalar-05.png'>        \n    <\/div>\n    \n    <div class=\"team-member-card\">\n    \n        \n        <div class=\"team-member-name\">  <\/div>\n        \n        <div class=\"team-member-title\">  <\/div>\n        \n        <div class=\"team-member-cv\">  <\/div>\n    \n        \n    <\/div>\n\n    \n<\/div>\n\n        \n       \n        <\/div>\n        <!--\/ Carusel Item -->\n        \n          \n\n        <!-- Carusel Item -->\n        <div class=\"carousel--item \"  data-duration=1 data-scrub=\"false\" data-pin=\"false\" data-anim-out=\"false\"  data-delay=5>\n            \n            \n<div class=\"nayla-team-member overlay\" >\n    \n    <div class=\"team-member-image\">\n    \n        \n        <img style='height: auto' alt='team-member-image' src='http:\/\/www.boldtex.com\/wp-content\/uploads\/2024\/02\/markalar-04.png'>        \n    <\/div>\n    \n    <div class=\"team-member-card\">\n    \n        \n        <div class=\"team-member-name\">  <\/div>\n        \n        <div class=\"team-member-title\">  <\/div>\n        \n        <div class=\"team-member-cv\">  <\/div>\n    \n        \n    <\/div>\n\n    \n<\/div>\n\n        \n       \n        <\/div>\n        <!--\/ Carusel Item -->\n        \n          \n\n        <!-- Carusel Item -->\n        <div class=\"carousel--item \"  data-duration=1 data-scrub=\"false\" data-pin=\"false\" data-anim-out=\"false\"  data-delay=6>\n            \n            \n<div class=\"nayla-team-member overlay\" >\n    \n    <div class=\"team-member-image\">\n    \n        \n        <img style='height: auto' alt='team-member-image' src='http:\/\/www.boldtex.com\/wp-content\/uploads\/2024\/02\/markalar-03.png'>        \n    <\/div>\n    \n    <div class=\"team-member-card\">\n    \n        \n        <div class=\"team-member-name\">  <\/div>\n        \n        <div class=\"team-member-title\">  <\/div>\n        \n        <div class=\"team-member-cv\">  <\/div>\n    \n        \n    <\/div>\n\n    \n<\/div>\n\n        \n       \n        <\/div>\n        <!--\/ Carusel Item -->\n        \n          \n\n        <!-- Carusel Item -->\n        <div class=\"carousel--item \"  data-duration=1 data-scrub=\"false\" data-pin=\"false\" data-anim-out=\"false\"  data-delay=7>\n            \n            \n<div class=\"nayla-team-member overlay\" >\n    \n    <div class=\"team-member-image\">\n    \n        \n        <img style='height: auto' alt='team-member-image' src='http:\/\/www.boldtex.com\/wp-content\/uploads\/2024\/02\/markalar-02.png'>        \n    <\/div>\n    \n    <div class=\"team-member-card\">\n    \n        \n        <div class=\"team-member-name\">  <\/div>\n        \n        <div class=\"team-member-title\">  <\/div>\n        \n        <div class=\"team-member-cv\">  <\/div>\n    \n        \n    <\/div>\n\n    \n<\/div>\n\n        \n       \n        <\/div>\n        <!--\/ Carusel Item -->\n        \n          \n\n        <!-- Carusel Item -->\n        <div class=\"carousel--item \"  data-duration=1 data-scrub=\"false\" data-pin=\"false\" data-anim-out=\"false\"  data-delay=8>\n            \n            \n<div class=\"nayla-team-member overlay\" >\n    \n    <div class=\"team-member-image\">\n    \n        \n        <img style='height: auto' alt='team-member-image' src='http:\/\/www.boldtex.com\/wp-content\/uploads\/2024\/02\/markalar-01.png'>        \n    <\/div>\n    \n    <div class=\"team-member-card\">\n    \n        \n        <div class=\"team-member-name\">  <\/div>\n        \n        <div class=\"team-member-title\">  <\/div>\n        \n        <div class=\"team-member-cv\">  <\/div>\n    \n        \n    <\/div>\n\n    \n<\/div>\n\n        \n       \n        <\/div>\n        <!--\/ Carusel Item -->\n        \n          \n    <\/div>\n    \n    \n      \n<\/div>\n<!--\/ Dynamic Carousel -->\n\t\t\t\t<\/div>\n\t\t\t\t<\/div>\n\t\t\t\t\t<\/div>\n\t\t<\/div>\n\t\t\t\t\t<\/div>\n\t\t<\/section>\n\t\t\t\t<div class=\"elementor-element elementor-element-c947606 elementor-widget elementor-widget-naylatextwrapper\" data-id=\"c947606\" data-element_type=\"widget\" data-e-type=\"widget\" data-widget_type=\"naylatextwrapper.default\">\n\t\t\t\t<div class=\"elementor-widget-container\">\n\t\t\t\t\t\n\n\n<div class=\"text-wrapper no-margin \">\n\n    <p class=\"  text-h5  false\" data-stagger=\"0.1\" data-duration=\"1.5\"data-delay=\"0\"data-scrub=\"false\" data-pin=\"false\"> Our team of talented \u0131nd\u0131v\u0131duals br\u0131ngs together the\u0131r un\u0131que perspectives, expert\u0131se, and boundless \u0131mag\u0131nat\u0131on to spark creat\u0131ve solut\u0131ons.<\/p>\n\n\n<\/div>\n\n\n\t\t\t\t<\/div>\n\t\t\t\t<\/div>\n\t\t\t\t\t<\/div>\n\t\t<\/div>\n\t\t\t\t\t<\/div>\n\t\t<\/section>\n\t\t\t\t<\/div>\n\t\t","protected":false},"excerpt":{"rendered":"<p>Our team of talented \u0131nd\u0131v\u0131duals br\u0131ngs together the\u0131r un\u0131que perspectives, expert\u0131se, and boundless \u0131mag\u0131nat\u0131on to spark creat\u0131ve solut\u0131ons.<\/p>\n","protected":false},"author":1,"featured_media":0,"parent":0,"menu_order":0,"comment_status":"closed","ping_status":"closed","template":"","meta":{"_acf_changed":false,"_monsterinsights_skip_tracking":false,"_monsterinsights_sitenote_active":false,"_monsterinsights_sitenote_note":"","_monsterinsights_sitenote_category":0,"footnotes":""},"class_list":["post-6601","page","type-page","status-publish","hentry"],"acf":[],"aioseo_notices":[],"_links":{"self":[{"href":"https:\/\/www.boldtex.com\/index.php?rest_route=\/wp\/v2\/pages\/6601","targetHints":{"allow":["GET"]}}],"collection":[{"href":"https:\/\/www.boldtex.com\/index.php?rest_route=\/wp\/v2\/pages"}],"about":[{"href":"https:\/\/www.boldtex.com\/index.php?rest_route=\/wp\/v2\/types\/page"}],"author":[{"embeddable":true,"href":"https:\/\/www.boldtex.com\/index.php?rest_route=\/wp\/v2\/users\/1"}],"replies":[{"embeddable":true,"href":"https:\/\/www.boldtex.com\/index.php?rest_route=%2Fwp%2Fv2%2Fcomments&post=6601"}],"version-history":[{"count":20,"href":"https:\/\/www.boldtex.com\/index.php?rest_route=\/wp\/v2\/pages\/6601\/revisions"}],"predecessor-version":[{"id":10461,"href":"https:\/\/www.boldtex.com\/index.php?rest_route=\/wp\/v2\/pages\/6601\/revisions\/10461"}],"wp:attachment":[{"href":"https:\/\/www.boldtex.com\/index.php?rest_route=%2Fwp%2Fv2%2Fmedia&parent=6601"}],"curies":[{"name":"wp","href":"https:\/\/api.w.org\/{rel}","templated":true}]}}